
Convert bc72 (base 15) to base 11.
28002
Convert -6789b (base 14) to base 5.
-31021114
Convert -686516 (base 10) to base 2.
-10100111100110110100
What is -2635600 (base 9) in base 15?
-1d6e60
Convert b4cbc (base 13) to base 5.
40401032
What is 1231434 (base 5) in base 11?
17033
-b21533 (base 14) to base 13
-131c62c
Convert 2c717c9 (base 13) to base 6.
1230434022
-192b027 (base 13) to base 8
-37360650
Convert -9cf93 (base 16) to base 10.
-642963
473955 (base 11) to base 4
2313203121
What is 1415335 (base 10) in base 6?
50200251
-12c66b (base 15) to base 10
-902576
What is 10101010010000111011011 (base 2) in base 11?
3170835
What is -a04886 (base 11) in base 13?
-447c58
What is 1735ba (base 15) in base 13?
3051ac
What is 555631 (base 7) in base 10?
98071
What is 100113054 (base 6) in base 7?
20234164
33000210122 (base 4) to base 13
a79b01
What is 10d6c (base 16) in base 9?
114545
-1235100305 (base 6) to base 14
-1cdcad3
Convert -60d50 (base 16) to base 2.
-1100000110101010000
Convert -b6a0c0 (base 14) to base 13.
-1382370
What is -4d8399 (base 15) in base 13?
-a04a2a
Convert -9397974 (base 11) to base 7.
-260560313
What is -11757177 (base 8) in base 10?
-2612863
Convert -10424342 (base 6) to base 9.
-528528
7374376 (base 9) to base 5
2002241024
Convert -10440554 (base 6) to base 10.
-316438
-327214 (base 9) to base 2
-101111101111011011
What is 1011110000010101110 (base 2) in base 11?
243450
Convert -1244401 (base 8) to base 14.
-90329
What is 302a43 (base 12) in base 16?
b7753
-1274014 (base 15) to base 12
-4543731
-11452126 (base 7) to base 5
-230134210
What is 4aa87 (base 14) in base 8?
545617
-409b8 (base 14) to base 11
-a6996
What is -11011000001011110101111 (base 2) in base 3?
-111022220100120
Convert -13931 (base 13) to base 9.
-55322
Convert -5825d9 (base 16) to base 5.
-2434324412
What is 3700349 (base 10) in base 6?
211151125
What is 208b9c (base 16) in base 4?
20020232130
What is -1011210130 (base 4) in base 9?
-473787
1111100111011110001 (base 2) to base 14
d46c1
-441405 (base 6) to base 8
-107455
Convert -30218603 (base 9) to base 8.
-67171017
What is 5087282 (base 11) in base 16?
891806
What is -204633 (base 16) in base 9?
-3873356
Convert -132220031202 (base 4) to base 16.
-7a8362
Convert -112b80 (base 12) to base 10.
-274704
5a6d7 (base 14) to base 5
24032020
-1a6a6a (base 13) to base 9
-1233554
What is -705323 (base 8) in base 3?
-102210110001
Convert 143304110 (base 5) to base 2.
10111001100001100001
What is -12101011101121 (base 3) in base 7?
-33200065
What is 1736810 (base 10) in base 15?
244925
What is 6077035 (base 8) in base 12?
654aa5
30220041 (base 6) to base 15
11e337
102021101120 (base 3) to base 15
45b36
What is 2590f (base 16) in base 10?
153871
What is -936a7 (base 16) in base 15?
-bdd95
Convert -2204102423 (base 5) to base 4.
-102020201100
Convert -10010100011110000101 (base 2) to base 13.
-183a56
Convert 110100110111110010101 (base 2) to base 4.
12212332111
-9395 (base 12) to base 10
-16097
Convert 1306126 (base 9) to base 11.
447813
What is -11108175 (base 9) in base 10?
-5379440
Convert 10717402 (base 8) to base 11.
1354a12
What is a65728 (base 11) in base 12?
6a3254
What is 3025105 (base 6) in base 3?
21022002112
What is 543155334 (base 6) in base 4?
210321220222
What is 507406 (base 9) in base 12?
126006
What is -20401 (base 7) in base 16?
-1387
Convert -28e07 (base 15) to base 10.
-131407
Convert 36937 (base 15) to base 14.
476b0
What is 2705a09 (base 12) in base 6?
433314413
-32648 (base 14) to base 16
-1dc78
-174853 (base 12) to base 7
-3263223
Convert 2dd78 (base 14) to base 12.
56786
What is -43421131 (base 5) in base 6?
-12000111
113103342 (base 5) to base 7
4261524
847757 (base 9) to base 7
4200301
What is 16250251 (base 7) in base 14?
2d0098
Convert -1c080d (base 14) to base 6.
-33235245
-40c750 (base 14) to base 5
-1024420131
What is 2a4789 (base 11) in base 14?
c504c
Convert -100121222202021 (base 3) to base 10.
-5117398
-123401132 (base 5) to base 3
-1010210211220
-5706 (base 16) to base 12
-10a86
-4715b (base 16) to base 5
-33304123
Convert 63c4d (base 16) to base 8.
1436115
What is 46b49c (base 14) in base 10?
2412898
What is -7440 (base 15) in base 12?
-12289
-2ab010 (base 12) to base 2
-10110000110001001100
-3332222223 (base 4) to base 16
-feaab
What is -78450 (base 16) in base 6?
-14320400
What is -1120013132 (base 4) in base 13?
-c8387
What is 1011011100111011010 (base 2) in base 7?
3122022
What is 11022001102 (base 3) in base 10?
84602
What is -7744b (base 12) in base 3?
-22000120112
Convert -3500054 (base 6) to base 13.
-63562
a33c (base 14) to base 4
12312302
Convert 70114 (base 15) to base 16.
5693b
180497 (base 10) to base 15
38732
Convert -10231131 (base 9) to base 14.
-921820
Convert 12384b (base 12) to base 10.
296699
4134443 (base 5) to base 3
10110110002
Convert -184156 (base 15) to base 14.
-22951b
-2212202120111 (base 3) to base 15
-203794
4a146 (base 11) to base 14
1c381
What is -22313301 (base 4) in base 7?
-243552
Convert 35263 (base 9) to base 15.
6e9c
What is 782610 (base 13) in base 8?
12635100
Convert -540241 (base 6) to base 8.
-126201
What is -188578 (base 13) in base 15?
-c3301
What is 176c2 (base 16) in base 5?
11032223
What is 51367557 (base 8) in base 11?
6158393
-402113 (base 5) to base 11
-9671
What is -68925 (base 14) in base 9?
-426674
What is 3201396 (base 10) in base 11?
1897290
What is 73646 (base 9) in base 10?
48642
Convert 7568 (base 14) to base 15.
6020
What is -200111220212 (base 3) in base 6?
-11451122
What is -351493 (base 15) in base 7?
-30360414
What is 28535401 (base 9) in base 3?
222121012110001
1231144 (base 6) to base 12
324b4
-c9cc4 (base 13) to base 6
-11452221
What is 1043012141 (base 5) in base 15?
30a6d1
Convert -34c01 (base 13) to base 16.
-178f4
What is -252564 (base 8) in base 7?
-512563
332404 (base 9) to base 12
96b34
Convert -7232577 (base 8) to base 6.
-105010115
168ba (base 13) to base 2
1010100011110000
What is 28416 (base 12) in base 2?
1101101001010010
111101101101001010 (base 2) to base 14
68174
What is 5665363 (base 7) in base 11?
441a83
What is -56290 (base 12) in base 5?
-12130234
20434321 (base 6) to base 16
91789
What is 116ce (base 16) in base 9?
117814
-11603305 (base 7) to base 16
-feb0f
What is 4040355 (base 6) in base 11?
121241
-1011110000111110001100 (base 2) to base 10
-3084172
-10010100111010001 (base 2) to base 11
-52310
-333392 (base 16) to base 10
-3355538
What is 442553 (base 6) in base 16?
9045
What is -1202022000220 (base 3) in base 12?
-38a8b9
What is -89a210 (base 11) in base 4?
-11132002030
Convert -2132411001 (base 5) to base 14.
-871795
Convert -4d642c (base 16) to base 9.
-10480322
Convert -11dc75 (base 14) to base 4.
-2111333133
-2142400 (base 6) to base 7
-623340
What is 155455523 (base 6) in base 3?
20022021022020
What is -18b3cb (base 14) in base 12?
-363007
Convert -24036 (base 14) to base 13.
-30cb2
What is 12321333 (base 5) in base 10?
120218
Convert 1102102002 (base 4) to base 11.
210238
-12372 (base 9) to base 2
-10000010000111
Convert 181b46 (base 15) to base 4.
10131231303
-1929c (base 13) to base 7
-262164
What is 25310255 (base 6) in base 9?
1475828
-3a215a (base 15) to base 8
-12514013
-504113 (base 7) to base 16
-14dda
Convert -813427 (base 12) to base 9.
-3714044
Convert 290a1 (base 15) to base 12.
64314
Convert -70c6d (base 14) to base 5.
-32140421
Convert 2000001100 (base 3) to base 9.
60040
685833 (base 9) to base 6
12451133
Convert -2054138 (base 12) to base 15.
-802468
What is -102201021201 (base 3) in base 6?
-4535244
What is 23c74 (base 14) in base 3?
11110001102
What is 4761023 (base 9) in base 8?
11655427
What is 3b70dd (base 14) in base 12?
8315b7
What is 8c449 (base 13) in base 7?
2113105
16641 (base 10) to base 8
40401
What is -205266341 (base 7) in base 10?
-12168101
Convert 6800a (base 12) to base 7.
1114030
Convert 582373 (base 11) to base 7.
10603134
2121000011021 (base 3) to base 15
1c341a
What is -1001011100111000000111 (base 2) in base 12?
-9b5947
Convert 57723b4 (base 12) to base 5.
13301232140
What is 1680510 (base 9) in base 5?
220014022
11132311113 (base 4) to base 16
15ed57
What is 10242003 (base 5) in base 16?
15458
-3304500 (base 6) to base 5
-20224330
What is